16)?
-2
Let r(p) = -p**2 - 2253*p - 49088. Determine r(-22).
-6
Let n(t) = -t**2 + 136*t + 31237. Calculate n(257).
140
Let n(i) = i**3 - 93*i**2 + 855*i - 2081. Determine n(83).
-6
Let r(m) = -46*m**2 - 687*m + 2527. What is r(-18)?
-11
Let b(t) = t**3 - 36*t**2 + 290*t - 122. Calculate b(8).
406
Let r(k) = -17472*k + 366965. Give r(21).
53
Let y(z) = -5*z**3 + 1447*z**2 + 16517*z - 68. Calculate y(-11).
-13
Let y(c) = -960*c + 527. Calculate y(1).
-433
Let m(p) = 44*p**3 + 115*p**2 - 148*p + 25. Calculate m(1).
36
Let k(n) = 92*n + 324. Determine k(15).
1704
Let o(f) = -615*f - 7875. Give o(-13).
120
Let j(g) = -18*g**2 - 104*g + 272. What is j(-7)?
118
Let c(s) = 2*s - 1038. What is c(-43)?
-1124
Let t(y) = -46*y**2 + 1576*y - 293. What is t(34)?
115
Let f(q) = -q**2 + 827*q - 104164. What is f(155)?
-4
Let w(r) = 7397*r - 421567. What is w(57)?
62
Let i(v) = -v**3 + 27*v**2 - 178*v - 71. Give i(13).
-19
Let i(v) = -4*v**2 - 555*v - 7853. Give i(-16).
3
Let a(c) = -4821*c + 144646. Calculate a(30).
16
Let s(q) = q**2 + 292*q - 10283. Determine s(32).
85
Let a(y) = 6060*y + 187850. What is a(-31)?
-10
Let m(s) = 2*s**2 - 280*s + 181. What is m(0)?
181
Let t(m) = -136*m**2 + 109*m - 133. Give t(4).
-1873
Let h(z) = 1499*z + 239837. Determine h(-160).
-3
Let c(j) = j**2 - 74*j - 3799. Give c(91).
-2252
Let a(p) = 11*p**2 - 3981*p + 11484. Give a(359).
-4
Let c(x) = 178623*x - 2322092. Determine c(13).
7
Let k(x) = -3*x**3 - 145*x**2 + 700*x + 35913. What is k(-48)?
9
Let h(s) = -42*s**2 - 623*s + 798. Determine h(-16).
14
Let j(k) = -15108*k - 422899. Determine j(-28).
125
Let h(q) = q**3 + 664*q**2 + 107378*q + 19449. Calculate h(-278).
-11
Let u(s) = -924*s + 355. What is u(1)?
-569
Let h(d) = 436273*d - 2181375. Calculate h(5).
-10
Let j(h) = 1892*h + 67405. What is j(-36)?
-707
Let l(v) = -23*v**3 - 351*v**2 - 52*v - 108. Calculate l(-15).
-678
Let k(c) = c**3 + 2*c**2 + 291*c + 2621. Calculate k(-9).
-565
Let z(f) = 92*f**2 - 346*f - 562. Give z(5).
8
Let d(k) = 2*k**3 - 51*k**2 + 158*k + 209. Calculate d(4).
153
Let m(r) = 6282*r - 138111. What is m(22)?
93
Let d(m) = m**3 + 50*m**2 + 215*m - 2438. Calculate d(5).
12
Let g(h) = -h**2 - 39*h - 632. Give g(17).
-1584
Let y(r) = -2771*r + 16636. What is y(7)?
-2761
Let f(c) = 2*c**3 + 35*c**2 - 32*c - 1111. What is f(-16)?
169
Let a(p) = 28805*p + 86944. Determine a(-3).
529
Let i(u) = 6*u**2 - 1072*u - 8527. Determine i(-8).
433
Let v(f) = 16029*f + 16022. Determine v(-1).
-7
Let z(i) = -1566*i - 9485. Give z(-6).
-89
Let p(a) = -2*a**3 - 6*a**2 - 8*a + 26. What is p(-6)?
290
Let n(a) = 167*a - 361. What is n(-4)?
-1029
Let d(g) = -g**2 + 469*g - 54287. Give d(254).
323
Let c(o) = -o**2 + 1124*o - 7798. Determine c(7).
21
Let w(f) = 495717*f - 2478599. Calculate w(5).
-14
Let l(i) = -1934*i + 10481. Calculate l(7).
-3057
Let w(d) = -127*d**3 + 499*d**2 + 27*d - 50. Give w(4).
-86
Let q(s) = -2*s**3 + 600*s**2 + 1816*s + 599. Determine q(303).
-7
Let p(w) = -w**3 + 239*w**2 + 2228*w + 936. Calculate p(248).
-56
Let w(t) = -279*t**2 + 5543*t + 740. Calculate w(20).
0
Let d(m) = 2679*m - 1329073. Give d(496).
-289
Let k(y) = y**3 - 71*y**2 - 550*y - 19. Determine k(-7).
9
Let g(r) = -707*r - 84045. Determine g(-119).
88
Let w(l) = -3*l**2 + 19771*l - 59287. Give w(3).
-1
Let f(i) = -7428*i - 96721. Calculate f(-13).
-157
Let i(g) = -2624*g + 86827. What is i(33)?
235
Let u(y) = -y**3 + 95*y**2 + 593*y + 1546. Give u(101).
233
Let j(o) = 26*o**2 - 8748*o + 17322. Give j(2).
-70
Let r(o) = 2950*o - 3368. What is r(1)?
-418
Let o(x) = -78790*x - 630316. Give o(-8).
4
Let j(a) = -16322*a - 440680. Calculate j(-27).
14
Let c(a) = 13*a**3 + 1169*a**2 - 1311*a - 3358. What is c(-91)?
9
Let z(g) = -2*g**3 + 154*g**2 - 228*g + 17470. Give z(77).
-86
Let c(g) = -166*g**2 + 168050*g - 58693. What is c(1012)?
3
Let q(z) = 2*z**3 + 1204*z**2 + 1236*z + 20445. Determine q(-601).
11
Let u(y) = y**3 - 86*y**2 - 252*y + 6373. Give u(88).
-315
Let y(p) = 6*p**2 - 3327*p + 3318. Give y(1).
-3
Let c(v) = 57*v**2 + 722*v + 405. Calculate c(-12).
-51
Let l(b) = -1112*b - 8005. Determine l(-7).
-221
Let o(v) = -7*v**3 - 2288*v**2 - 1959*v - 976. Determine o(-326).
2
Let m(r) = 10865*r**2 - 119535*r + 202. Determine m(11).
-18
Let s(d) = -4929*d - 49265. Determine s(-10).
25
Let c(o) = 1269212*o - 8884487. Determine c(7).
-3
Let h(u) = -290*u + 2658. Give h(10).
-242
Let g(j) = j**3 + 20*j**2 - 8298*j - 125592. Give g(-15).
3
Let x(a) = 32*a**2 - 583*a - 10401. Calculate x(29).
-396
Let u(s) = -22*s**2 - 8856*s + 4100. Determine u(-403).
70
Let s(y) = -y**3 - 4*y**2 + 1397*y + 8530. What is s(-6)?
220
Let i(s) = -10*s**2 - 183*s + 2442. Give i(-34).
-2896
Let n(f) = -2*f**2 + 363*f - 15545. Determine n(111).
106
Let m(w) = -5*w**3 - 3*w**2 - 59*w - 92. Determine m(-6).
1234
Let a(h) = 2297*h**3 - 9*h**2 + 211*h - 201. Give a(1).
2298
Let f(u) = -6259*u - 93853. Determine f(-15).
32
Let u(f) = -f**3 - 22*f**2 - 70*f - 431. What is u(-9)?
-854
Let t(b) = 16019*b + 1153329. Calculate t(-72).
-39
Let f(c) = 3754*c + 717034. What is f(-191)?
20
Let k(d) = 2*d**3 - 790*d**2 - 781*d - 4070. Calculate k(396).
286
Let p(m) = -m**2 + 39*m + 9451. Calculate p(119).
-69
Let a(r) = 20*r**3 + 479*r**2 - 167*r - 3271. Give a(-24).
161
Let q(o) = -13915*o + 93. Calculate q(0).
93
Let x(q) = -q**3 + 162*q**2 + 12*q - 1843. What is x(162)?
101
Let j(p) = 3*p**3 + 6*p**2 - 192*p - 750. Give j(-4).
-78
Let j(s) = 2127*s + 306319. Determine j(-144).
31
Let o(y) = y**2 + 2484*y + 12429. What is o(-5)?
34
Let x(r) = 43*r**2 - 69*r + 47. What is x(1)?
21
Let p(n) = 15411*n + 523989. What is p(-34)?
15
Let s(q) = q**3 - 13*q**2 + 360*q - 4557. Determine s(11).
-839
Let m(l) = -7659*l - 23358. Calculate m(-3).
-381
Let d(q) = q**2 + 675*q - 27120. What is d(38)?
-26
Let u(x) = 9727*x + 428041. What is u(-44)?
53
Let g(a) = 40*a**2 + 83*a - 13. What is g(-7)?
1366
Let f(d) = -2*d**2 - 179*d + 1544. Give f(-91).
1271
Let n(g) = 7511*g + 270385. What is n(-36)?
-11
Let g(k) = 425004*k - 1700015. Determine g(4).
1
Let v(k) = 34*k**2 - 78*k + 586. Calculate v(7).
1706
Let m(u) = u**2 - 6861*u + 129978. Determine m(19).
-20
Let z(v) = v**3 + 272*v**2 + 6164*v - 2686. Determine z(-247).
31
Let v(f) = -180*f - 843. Calculate v(-9).
777
Let j(i) = -i**2 + 38539*i + 578382. Calculate j(-15).
72
Let n(o) = -9*o**2 + 371*o - 3052. Give n(8).
-660
Let a(p) = -6*p**3 + 54*p**2 + 153*p + 5. What is a(-3)?
194
Let i(f) = -f**3 - 18*f**2 - 647*f - 6969. Give i(-12).
-69
Let k(g) = -g**3 + 24*g**2 - 792*g + 14264. Calculate k(20).
24
Let k(y) = 234*y**2 - 1677*y + 270. Calculate k(7).
-3
Let w(s) = -s**3 + 16*s**2 + 4282*s + 158. Give w(74).
-582
Let q(j) = j**2 - 5892934*j - 17678809. What is q(-3)?
2
Let h(g) = -749*g**2 - 17219*g - 16. Determine h(-23).
-200
Let j(p) = -3*p**3 - 11*p**2 - 187*p + 419. Calculate j(2).
-23
Let c(f) = -3*f**3 - 122*f**2 + 323*f + 64. Give c(3).
-146
Let c(b) = -14*b**3 + 277*b**2 + 6*b + 86. Calculate c(20).
-994
Let c(q) = -3*q**2 + 588*q + 4833. Determine c(204).
-63
Let n(v) = -v**3 - 37*v**2 + 280*v + 12285. Determine n(-35).
35
Let s(i) = 2*i**3 + 166*i**2 - 336*i + 41. Calculate s(-85).
-299
Let c(x) = 2209*x + 13142. Determine c(-6).
-112
Let c(h) = h**2 - 4863*h + 77535. Determine c(16).
-17
Let q(h) = -19*h - 233. What is q(-100)?
1667
Let r(g) = -1857*g - 44153. What is r(-24)?
415
Let y(h) = 614*h - 26984. What is y(44)?
32
Let h(m) = -9*m**2 - 7527*m - 91455. Calculate h(-824).
9
Let s(p) = 3*p**3 + 190*p**2 - 376*p - 3672. What is s(-65)?
-357
Let r(k) = -37866*k + 19349518. Determine r(511).
-8
Let v(m) = 2*m**2 + 7*m - 1190. Give v(-34).
884
Let j(b) = 18037*b - 1064178. Determine j(59).
5
Let g(o) = 4*o**3 + 3111*o**2 + 2304*o - 20987. Give g(-777).
-8
Let x(y) = -y**3 - 22*y**2 + 341*y + 84. Give x(11).
-158
Let d(o) = 3*o**3 - 110*o**2 - 451*o + 18. Give d(-4).
-130
Let c(g) = -3*g**2 - 4*g + 857. Calculate c(39).
-3862
Let j(b) = 14*b**3 - 15607*b**2 - 3338*b - 7935. Determine j(1115).
-130
Let v(y) = -y**2 + 179*y + 8950. What is v(-47)?
-1672
Let y(k) = 16*k**2 + 3683*k + 4108. What is y(-229)?
-243
Let q(y) = -y**3 - 14*y**2 - 11*y + 56. What is q(6)?
-730
Let a(h) = 1238*h + 277693. Give a(-224).
3